{"id":532,"date":"2022-12-29T17:20:31","date_gmt":"2022-12-29T22:20:31","guid":{"rendered":"https:\/\/proquifar.com\/site\/?page_id=532"},"modified":"2023-07-12T09:05:17","modified_gmt":"2023-07-12T14:05:17","slug":"estabilidad-en-uso","status":"publish","type":"page","link":"https:\/\/proquifar.com\/site\/estabilidad-en-uso\/","title":{"rendered":"Estabilidad en Uso"},"content":{"rendered":"\t\t<div data-elementor-type=\"wp-page\" data-elementor-id=\"532\" class=\"elementor elementor-532\" data-elementor-post-type=\"page\">\n\t\t\t\t\t\t<section class=\"elementor-section elementor-top-section elementor-element elementor-element-c098a32 elementor-section-full_width elementor-section-height-default elementor-section-height-default\" data-id=\"c098a32\" data-element_type=\"section\" data-e-type=\"section\" data-settings=\"{&quot;background_background&quot;:&quot;classic&quot;}\">\n\t\t\t\t\t\t<div class=\"elementor-container elementor-column-gap-default\">\n\t\t\t\t\t<div class=\"elementor-column elementor-col-100 elementor-top-column elementor-element elementor-element-9f23195\" data-id=\"9f23195\" data-element_type=\"column\" data-e-type=\"column\">\n\t\t\t<div class=\"elementor-widget-wrap elementor-element-populated\">\n\t\t\t\t\t\t<div class=\"elementor-element elementor-element-d1513aa elementor-align-center elementor-widget elementor-widget-breadcrumbs\" data-id=\"d1513aa\" data-element_type=\"widget\" data-e-type=\"widget\" data-widget_type=\"breadcrumbs.default\">\n\t\t\t\t<div class=\"elementor-widget-container\">\n\t\t\t\t\t<p id=\"breadcrumbs\"><span><span><a href=\"https:\/\/proquifar.com\/site\/\">Home<\/a><\/span><\/span><\/p>\t\t\t\t<\/div>\n\t\t\t\t<\/div>\n\t\t\t\t<div class=\"elementor-element elementor-element-7d4a3c9 elementor-widget elementor-widget-heading\" data-id=\"7d4a3c9\" data-element_type=\"widget\" data-e-type=\"widget\" data-widget_type=\"heading.default\">\n\t\t\t\t<div class=\"elementor-widget-container\">\n\t\t\t\t\t<h1 class=\"elementor-heading-title elementor-size-default\">Estabilidad en Uso<\/h1>\t\t\t\t<\/div>\n\t\t\t\t<\/div>\n\t\t\t\t\t<\/div>\n\t\t<\/div>\n\t\t\t\t\t<\/div>\n\t\t<\/section>\n\t\t\t\t<section class=\"elementor-section elementor-top-section elementor-element elementor-element-63cee98 elementor-section-full_width elementor-section-content-middle elementor-section-height-default elementor-section-height-default\" data-id=\"63cee98\" data-element_type=\"section\" data-e-type=\"section\">\n\t\t\t\t\t\t<div class=\"elementor-container elementor-column-gap-default\">\n\t\t\t\t\t<div class=\"elementor-column elementor-col-50 elementor-top-column elementor-element elementor-element-660a15b\" data-id=\"660a15b\" data-element_type=\"column\" data-e-type=\"column\">\n\t\t\t<div class=\"elementor-widget-wrap elementor-element-populated\">\n\t\t\t\t\t\t<div class=\"elementor-element elementor-element-bafa418 elementor-widget elementor-widget-image\" data-id=\"bafa418\" data-element_type=\"widget\" data-e-type=\"widget\" data-widget_type=\"image.default\">\n\t\t\t\t<div class=\"elementor-widget-container\">\n\t\t\t\t\t\t\t\t\t\t\t\t\t\t\t<img fetchpriority=\"high\" decoding=\"async\" width=\"344\" height=\"244\" src=\"https:\/\/proquifar.com\/site\/wp-content\/uploads\/2022\/12\/Estabilida-Uso-e1688992475687.jpg\" class=\"attachment-full size-full wp-image-378\" alt=\"\" srcset=\"https:\/\/proquifar.com\/site\/wp-content\/uploads\/2022\/12\/Estabilida-Uso-e1688992475687.jpg 344w, https:\/\/proquifar.com\/site\/wp-content\/uploads\/2022\/12\/Estabilida-Uso-e1688992475687-300x213.jpg 300w\" sizes=\"(max-width: 344px) 100vw, 344px\" \/>\t\t\t\t\t\t\t\t\t\t\t\t\t\t\t<\/div>\n\t\t\t\t<\/div>\n\t\t\t\t\t<\/div>\n\t\t<\/div>\n\t\t\t\t<div class=\"elementor-column elementor-col-50 elementor-top-column elementor-element elementor-element-f7c1460\" data-id=\"f7c1460\" data-element_type=\"column\" data-e-type=\"column\">\n\t\t\t<div class=\"elementor-widget-wrap elementor-element-populated\">\n\t\t\t\t\t\t<div class=\"elementor-element elementor-element-644270b elementor-widget elementor-widget-text-editor\" data-id=\"644270b\" data-element_type=\"widget\" data-e-type=\"widget\" data-widget_type=\"text-editor.default\">\n\t\t\t\t<div class=\"elementor-widget-container\">\n\t\t\t\t\t\t\t\t\t<p>El prop\u00f3sito de los estudios de estabilidad en uso es el de proporcionar informaci\u00f3n necesaria para el etiquetado de la preparaci\u00f3n, las condiciones de almacenamiento y el per\u00edodo de utilizaci\u00f3n de los productos multidosis despu\u00e9s de su apertura, reconstituci\u00f3n o diluci\u00f3n.<\/p><p>El ensayo debe ser dise\u00f1ado tanto como sea posible, para simular el uso del producto en la pr\u00e1ctica. Para ello se debe tener en cuenta el volumen de llenado del envase, cualquier diluci\u00f3n y reconstituci\u00f3n y los intervalos de tiempo definidos para su uso, donde se deben remover las cantidades apropiadas de producto por medio de m\u00e9todos de muestreo corrientemente utilizados y teniendo en cuenta lo descrito en la literatura del producto.<\/p>\t\t\t\t\t\t\t\t<\/div>\n\t\t\t\t<\/div>\n\t\t\t\t\t<\/div>\n\t\t<\/div>\n\t\t\t\t\t<\/div>\n\t\t<\/section>\n\t\t\t\t<section class=\"elementor-section elementor-top-section elementor-element elementor-element-e4a5f0d elementor-section-full_width elementor-section-content-middle elementor-section-height-default elementor-section-height-default\" data-id=\"e4a5f0d\" data-element_type=\"section\" data-e-type=\"section\">\n\t\t\t\t\t\t<div class=\"elementor-container elementor-column-gap-default\">\n\t\t\t\t\t<div class=\"elementor-column elementor-col-50 elementor-top-column elementor-element elementor-element-e7f0937\" data-id=\"e7f0937\" data-element_type=\"column\" data-e-type=\"column\">\n\t\t\t<div class=\"elementor-widget-wrap elementor-element-populated\">\n\t\t\t\t\t\t<div class=\"elementor-element elementor-element-e386ba6 elementor-widget elementor-widget-text-editor\" data-id=\"e386ba6\" data-element_type=\"widget\" data-e-type=\"widget\" data-widget_type=\"text-editor.default\">\n\t\t\t\t<div class=\"elementor-widget-container\">\n\t\t\t\t\t\t\t\t\t<p>Las propiedades f\u00edsicas, qu\u00edmicas y microbiol\u00f3gicas del producto, susceptibles de cambiar durante el almacenamiento, se deben determinar sobre la cantidad final del producto remanente en el envase, durante el per\u00edodo de vida \u00fatil de uso propuesto y de ser posible en tiempos de muestreo intermedios y al final del estudio.<\/p><p>Estos estudios forman parte de los estudios de estabilidad para solicitar el Registro Sanitario y deben realizarse sobre los lotes primarios, en el producto terminado diluido o reconstituido y a lo largo del periodo de uso propuesto, en los puntos de tiempo inicial y final o en el \u00faltimo punto de tiempo en el que los datos est\u00e9n disponibles en el momento de la solicitud.<\/p>\t\t\t\t\t\t\t\t<\/div>\n\t\t\t\t<\/div>\n\t\t\t\t<div class=\"elementor-element elementor-element-e57dc4e elementor-align-left elementor-widget elementor-widget-button\" data-id=\"e57dc4e\" data-element_type=\"widget\" data-e-type=\"widget\" data-widget_type=\"button.default\">\n\t\t\t\t<div class=\"elementor-widget-container\">\n\t\t\t\t\t\t\t\t\t<div class=\"elementor-button-wrapper\">\n\t\t\t\t\t<a class=\"elementor-button elementor-button-link elementor-size-sm\" href=\"https:\/\/proquifar.com\/site\/solicitar-servicio\/\">\n\t\t\t\t\t\t<span class=\"elementor-button-content-wrapper\">\n\t\t\t\t\t\t\t\t\t<span class=\"elementor-button-text\">Solicitar servicio<\/span>\n\t\t\t\t\t<\/span>\n\t\t\t\t\t<\/a>\n\t\t\t\t<\/div>\n\t\t\t\t\t\t\t\t<\/div>\n\t\t\t\t<\/div>\n\t\t\t\t\t<\/div>\n\t\t<\/div>\n\t\t\t\t<div class=\"elementor-column elementor-col-50 elementor-top-column elementor-element elementor-element-69f9d58\" data-id=\"69f9d58\" data-element_type=\"column\" data-e-type=\"column\">\n\t\t\t<div class=\"elementor-widget-wrap elementor-element-populated\">\n\t\t\t\t\t\t<div class=\"elementor-element elementor-element-37ef557 elementor-widget elementor-widget-image\" data-id=\"37ef557\" data-element_type=\"widget\" data-e-type=\"widget\" data-widget_type=\"image.default\">\n\t\t\t\t<div class=\"elementor-widget-container\">\n\t\t\t\t\t\t\t\t\t\t\t\t\t\t\t<img decoding=\"async\" width=\"500\" height=\"334\" src=\"https:\/\/proquifar.com\/site\/wp-content\/uploads\/2022\/12\/estabilenuso-105938-2..jpg\" class=\"attachment-full size-full wp-image-534\" alt=\"\" srcset=\"https:\/\/proquifar.com\/site\/wp-content\/uploads\/2022\/12\/estabilenuso-105938-2..jpg 500w, https:\/\/proquifar.com\/site\/wp-content\/uploads\/2022\/12\/estabilenuso-105938-2.-300x200.jpg 300w\" sizes=\"(max-width: 500px) 100vw, 500px\" \/>\t\t\t\t\t\t\t\t\t\t\t\t\t\t\t<\/div>\n\t\t\t\t<\/div>\n\t\t\t\t\t<\/div>\n\t\t<\/div>\n\t\t\t\t\t<\/div>\n\t\t<\/section>\n\t\t\t\t<section class=\"elementor-section elementor-top-section elementor-element elementor-element-4beb749 elementor-section-full_width elementor-section-content-middle elementor-section-height-default elementor-section-height-default\" data-id=\"4beb749\" data-element_type=\"section\" data-e-type=\"section\" data-settings=\"{&quot;background_background&quot;:&quot;classic&quot;}\">\n\t\t\t\t\t\t<div class=\"elementor-container elementor-column-gap-default\">\n\t\t\t\t\t<div class=\"elementor-column elementor-col-50 elementor-top-column elementor-element elementor-element-3413460\" data-id=\"3413460\" data-element_type=\"column\" data-e-type=\"column\">\n\t\t\t<div class=\"elementor-widget-wrap elementor-element-populated\">\n\t\t\t\t\t\t<div class=\"elementor-element elementor-element-abcfb08 elementor-widget elementor-widget-image\" data-id=\"abcfb08\" data-element_type=\"widget\" data-e-type=\"widget\" data-widget_type=\"image.default\">\n\t\t\t\t<div class=\"elementor-widget-container\">\n\t\t\t\t\t\t\t\t\t\t\t\t\t\t\t<img decoding=\"async\" width=\"423\" height=\"347\" src=\"https:\/\/proquifar.com\/site\/wp-content\/uploads\/2023\/05\/K-Beneficios-e1685038903936.png\" class=\"attachment-large size-large wp-image-1315\" alt=\"\" srcset=\"https:\/\/proquifar.com\/site\/wp-content\/uploads\/2023\/05\/K-Beneficios-e1685038903936.png 423w, https:\/\/proquifar.com\/site\/wp-content\/uploads\/2023\/05\/K-Beneficios-e1685038903936-300x246.png 300w\" sizes=\"(max-width: 423px) 100vw, 423px\" \/>\t\t\t\t\t\t\t\t\t\t\t\t\t\t\t<\/div>\n\t\t\t\t<\/div>\n\t\t\t\t\t<\/div>\n\t\t<\/div>\n\t\t\t\t<div class=\"elementor-column elementor-col-50 elementor-top-column elementor-element elementor-element-f9226e2\" data-id=\"f9226e2\" data-element_type=\"column\" data-e-type=\"column\">\n\t\t\t<div class=\"elementor-widget-wrap elementor-element-populated\">\n\t\t\t\t\t\t<div class=\"elementor-element elementor-element-ca7c918 elementor-widget elementor-widget-heading\" data-id=\"ca7c918\" data-element_type=\"widget\" data-e-type=\"widget\" data-widget_type=\"heading.default\">\n\t\t\t\t<div class=\"elementor-widget-container\">\n\t\t\t\t\t<h3 class=\"elementor-heading-title elementor-size-default\">Beneficios<\/h3>\t\t\t\t<\/div>\n\t\t\t\t<\/div>\n\t\t\t\t<div class=\"elementor-element elementor-element-4c7e6ce elementor-widget elementor-widget-text-editor\" data-id=\"4c7e6ce\" data-element_type=\"widget\" data-e-type=\"widget\" data-widget_type=\"text-editor.default\">\n\t\t\t\t<div class=\"elementor-widget-container\">\n\t\t\t\t\t\t\t\t\t<p><strong>1.<\/strong> Experiencia de 28 a\u00f1os en la realizaci\u00f3n de Estudios de Estabilidad en Uso tomando como gu\u00eda los documentos publicados por INVIMA, OMS, e ICH.<\/p><p><strong>2.<\/strong> Obtenci\u00f3n r\u00e1pida de registros por parte de los entes regulatorios debido a resultados confiables.<\/p><p><strong>3.<\/strong> C\u00e1maras climatizadas debidamente calificadas que disponen de registro permanente de las condiciones ambientales especificadas.<\/p><p><strong>4.<\/strong> Confiabilidad en los resultados que emitimos, justificando la credibilidad y posicionamiento que hemos logrado a lo largo de nuestra historia.<\/p>\t\t\t\t\t\t\t\t<\/div>\n\t\t\t\t<\/div>\n\t\t\t\t<div class=\"elementor-element elementor-element-3652dfd elementor-align-left elementor-widget elementor-widget-button\" data-id=\"3652dfd\" data-element_type=\"widget\" data-e-type=\"widget\" data-widget_type=\"button.default\">\n\t\t\t\t<div class=\"elementor-widget-container\">\n\t\t\t\t\t\t\t\t\t<div class=\"elementor-button-wrapper\">\n\t\t\t\t\t<a class=\"elementor-button elementor-button-link elementor-size-sm\" href=\"https:\/\/proquifar.com\/site\/solicitar-servicio\/\">\n\t\t\t\t\t\t<span class=\"elementor-button-content-wrapper\">\n\t\t\t\t\t\t\t\t\t<span class=\"elementor-button-text\">Solicitar servicio<\/span>\n\t\t\t\t\t<\/span>\n\t\t\t\t\t<\/a>\n\t\t\t\t<\/div>\n\t\t\t\t\t\t\t\t<\/div>\n\t\t\t\t<\/div>\n\t\t\t\t\t<\/div>\n\t\t<\/div>\n\t\t\t\t\t<\/div>\n\t\t<\/section>\n\t\t\t\t<\/div>\n\t\t","protected":false},"excerpt":{"rendered":"<p>Estabilidad en Uso El prop\u00f3sito de los estudios de estabilidad en uso es el de proporcionar informaci\u00f3n necesaria para el etiquetado de la preparaci\u00f3n, las condiciones de almacenamiento y el per\u00edodo de utilizaci\u00f3n de los productos multidosis despu\u00e9s de su apertura, reconstituci\u00f3n o diluci\u00f3n. El ensayo debe ser dise\u00f1ado tanto como sea posible, para simular [&hellip;]<\/p>\n","protected":false},"author":5,"featured_media":0,"parent":0,"menu_order":0,"comment_status":"closed","ping_status":"closed","template":"elementor_header_footer","meta":{"_acf_changed":false,"nf_dc_page":"","inline_featured_image":false,"_joinchat":[],"footnotes":""},"class_list":["post-532","page","type-page","status-publish","hentry"],"acf":[],"yoast_head":"<!-- This site is optimized with the Yoast SEO plugin v27.4 - https:\/\/yoast.com\/product\/yoast-seo-wordpress\/ -->\n<title>Estabilidad en Uso - proquifar<\/title>\n<meta name=\"robots\" content=\"index, follow, max-snippet:-1, max-image-preview:large, max-video-preview:-1\" \/>\n<link rel=\"canonical\" href=\"https:\/\/proquifar.com\/site\/estabilidad-en-uso\/\" \/>\n<meta property=\"og:locale\" content=\"es_ES\" \/>\n<meta property=\"og:type\" content=\"article\" \/>\n<meta property=\"og:title\" content=\"Estabilidad en Uso - proquifar\" \/>\n<meta property=\"og:description\" content=\"Estabilidad en Uso El prop\u00f3sito de los estudios de estabilidad en uso es el de proporcionar informaci\u00f3n necesaria para el etiquetado de la preparaci\u00f3n, las condiciones de almacenamiento y el per\u00edodo de utilizaci\u00f3n de los productos multidosis despu\u00e9s de su apertura, reconstituci\u00f3n o diluci\u00f3n. El ensayo debe ser dise\u00f1ado tanto como sea posible, para simular [&hellip;]\" \/>\n<meta property=\"og:url\" content=\"https:\/\/proquifar.com\/site\/estabilidad-en-uso\/\" \/>\n<meta property=\"og:site_name\" content=\"proquifar\" \/>\n<meta property=\"article:modified_time\" content=\"2023-07-12T14:05:17+00:00\" \/>\n<meta property=\"og:image\" content=\"https:\/\/proquifar.com\/site\/wp-content\/uploads\/2022\/12\/Estabilida-Uso-e1688992475687.jpg\" \/>\n<meta name=\"twitter:card\" content=\"summary_large_image\" \/>\n<meta name=\"twitter:label1\" content=\"Tiempo de lectura\" \/>\n\t<meta name=\"twitter:data1\" content=\"3 minutos\" \/>\n<script type=\"application\/ld+json\" class=\"yoast-schema-graph\">{\"@context\":\"https:\\\/\\\/schema.org\",\"@graph\":[{\"@type\":\"WebPage\",\"@id\":\"https:\\\/\\\/proquifar.com\\\/site\\\/estabilidad-en-uso\\\/\",\"url\":\"https:\\\/\\\/proquifar.com\\\/site\\\/estabilidad-en-uso\\\/\",\"name\":\"Estabilidad en Uso - proquifar\",\"isPartOf\":{\"@id\":\"https:\\\/\\\/proquifar.com\\\/site\\\/#website\"},\"primaryImageOfPage\":{\"@id\":\"https:\\\/\\\/proquifar.com\\\/site\\\/estabilidad-en-uso\\\/#primaryimage\"},\"image\":{\"@id\":\"https:\\\/\\\/proquifar.com\\\/site\\\/estabilidad-en-uso\\\/#primaryimage\"},\"thumbnailUrl\":\"https:\\\/\\\/proquifar.com\\\/site\\\/wp-content\\\/uploads\\\/2022\\\/12\\\/Estabilida-Uso-e1688992475687.jpg\",\"datePublished\":\"2022-12-29T22:20:31+00:00\",\"dateModified\":\"2023-07-12T14:05:17+00:00\",\"breadcrumb\":{\"@id\":\"https:\\\/\\\/proquifar.com\\\/site\\\/estabilidad-en-uso\\\/#breadcrumb\"},\"inLanguage\":\"es\",\"potentialAction\":[{\"@type\":\"ReadAction\",\"target\":[\"https:\\\/\\\/proquifar.com\\\/site\\\/estabilidad-en-uso\\\/\"]}]},{\"@type\":\"ImageObject\",\"inLanguage\":\"es\",\"@id\":\"https:\\\/\\\/proquifar.com\\\/site\\\/estabilidad-en-uso\\\/#primaryimage\",\"url\":\"https:\\\/\\\/proquifar.com\\\/site\\\/wp-content\\\/uploads\\\/2022\\\/12\\\/Estabilida-Uso-e1688992475687.jpg\",\"contentUrl\":\"https:\\\/\\\/proquifar.com\\\/site\\\/wp-content\\\/uploads\\\/2022\\\/12\\\/Estabilida-Uso-e1688992475687.jpg\",\"width\":344,\"height\":244},{\"@type\":\"BreadcrumbList\",\"@id\":\"https:\\\/\\\/proquifar.com\\\/site\\\/estabilidad-en-uso\\\/#breadcrumb\",\"itemListElement\":[{\"@type\":\"ListItem\",\"position\":1,\"name\":\"Home\",\"item\":\"https:\\\/\\\/proquifar.com\\\/site\\\/\"},{\"@type\":\"ListItem\",\"position\":2,\"name\":\"Estabilidad en Uso\"}]},{\"@type\":\"WebSite\",\"@id\":\"https:\\\/\\\/proquifar.com\\\/site\\\/#website\",\"url\":\"https:\\\/\\\/proquifar.com\\\/site\\\/\",\"name\":\"proquifar\",\"description\":\"\",\"potentialAction\":[{\"@type\":\"SearchAction\",\"target\":{\"@type\":\"EntryPoint\",\"urlTemplate\":\"https:\\\/\\\/proquifar.com\\\/site\\\/?s={search_term_string}\"},\"query-input\":{\"@type\":\"PropertyValueSpecification\",\"valueRequired\":true,\"valueName\":\"search_term_string\"}}],\"inLanguage\":\"es\"}]}<\/script>\n<!-- \/ Yoast SEO plugin. -->","yoast_head_json":{"title":"Estabilidad en Uso - proquifar","robots":{"index":"index","follow":"follow","max-snippet":"max-snippet:-1","max-image-preview":"max-image-preview:large","max-video-preview":"max-video-preview:-1"},"canonical":"https:\/\/proquifar.com\/site\/estabilidad-en-uso\/","og_locale":"es_ES","og_type":"article","og_title":"Estabilidad en Uso - proquifar","og_description":"Estabilidad en Uso El prop\u00f3sito de los estudios de estabilidad en uso es el de proporcionar informaci\u00f3n necesaria para el etiquetado de la preparaci\u00f3n, las condiciones de almacenamiento y el per\u00edodo de utilizaci\u00f3n de los productos multidosis despu\u00e9s de su apertura, reconstituci\u00f3n o diluci\u00f3n. El ensayo debe ser dise\u00f1ado tanto como sea posible, para simular [&hellip;]","og_url":"https:\/\/proquifar.com\/site\/estabilidad-en-uso\/","og_site_name":"proquifar","article_modified_time":"2023-07-12T14:05:17+00:00","og_image":[{"url":"https:\/\/proquifar.com\/site\/wp-content\/uploads\/2022\/12\/Estabilida-Uso-e1688992475687.jpg","type":"","width":"","height":""}],"twitter_card":"summary_large_image","twitter_misc":{"Tiempo de lectura":"3 minutos"},"schema":{"@context":"https:\/\/schema.org","@graph":[{"@type":"WebPage","@id":"https:\/\/proquifar.com\/site\/estabilidad-en-uso\/","url":"https:\/\/proquifar.com\/site\/estabilidad-en-uso\/","name":"Estabilidad en Uso - proquifar","isPartOf":{"@id":"https:\/\/proquifar.com\/site\/#website"},"primaryImageOfPage":{"@id":"https:\/\/proquifar.com\/site\/estabilidad-en-uso\/#primaryimage"},"image":{"@id":"https:\/\/proquifar.com\/site\/estabilidad-en-uso\/#primaryimage"},"thumbnailUrl":"https:\/\/proquifar.com\/site\/wp-content\/uploads\/2022\/12\/Estabilida-Uso-e1688992475687.jpg","datePublished":"2022-12-29T22:20:31+00:00","dateModified":"2023-07-12T14:05:17+00:00","breadcrumb":{"@id":"https:\/\/proquifar.com\/site\/estabilidad-en-uso\/#breadcrumb"},"inLanguage":"es","potentialAction":[{"@type":"ReadAction","target":["https:\/\/proquifar.com\/site\/estabilidad-en-uso\/"]}]},{"@type":"ImageObject","inLanguage":"es","@id":"https:\/\/proquifar.com\/site\/estabilidad-en-uso\/#primaryimage","url":"https:\/\/proquifar.com\/site\/wp-content\/uploads\/2022\/12\/Estabilida-Uso-e1688992475687.jpg","contentUrl":"https:\/\/proquifar.com\/site\/wp-content\/uploads\/2022\/12\/Estabilida-Uso-e1688992475687.jpg","width":344,"height":244},{"@type":"BreadcrumbList","@id":"https:\/\/proquifar.com\/site\/estabilidad-en-uso\/#breadcrumb","itemListElement":[{"@type":"ListItem","position":1,"name":"Home","item":"https:\/\/proquifar.com\/site\/"},{"@type":"ListItem","position":2,"name":"Estabilidad en Uso"}]},{"@type":"WebSite","@id":"https:\/\/proquifar.com\/site\/#website","url":"https:\/\/proquifar.com\/site\/","name":"proquifar","description":"","potentialAction":[{"@type":"SearchAction","target":{"@type":"EntryPoint","urlTemplate":"https:\/\/proquifar.com\/site\/?s={search_term_string}"},"query-input":{"@type":"PropertyValueSpecification","valueRequired":true,"valueName":"search_term_string"}}],"inLanguage":"es"}]}},"_links":{"self":[{"href":"https:\/\/proquifar.com\/site\/wp-json\/wp\/v2\/pages\/532","targetHints":{"allow":["GET"]}}],"collection":[{"href":"https:\/\/proquifar.com\/site\/wp-json\/wp\/v2\/pages"}],"about":[{"href":"https:\/\/proquifar.com\/site\/wp-json\/wp\/v2\/types\/page"}],"author":[{"embeddable":true,"href":"https:\/\/proquifar.com\/site\/wp-json\/wp\/v2\/users\/5"}],"replies":[{"embeddable":true,"href":"https:\/\/proquifar.com\/site\/wp-json\/wp\/v2\/comments?post=532"}],"version-history":[{"count":5,"href":"https:\/\/proquifar.com\/site\/wp-json\/wp\/v2\/pages\/532\/revisions"}],"predecessor-version":[{"id":1802,"href":"https:\/\/proquifar.com\/site\/wp-json\/wp\/v2\/pages\/532\/revisions\/1802"}],"wp:attachment":[{"href":"https:\/\/proquifar.com\/site\/wp-json\/wp\/v2\/media?parent=532"}],"curies":[{"name":"wp","href":"https:\/\/api.w.org\/{rel}","templated":true}]}}